{"id":4682,"date":"2017-01-22T15:34:01","date_gmt":"2017-01-22T15:34:01","guid":{"rendered":"http:\/\/wedding-planner.freevision.me\/?page_id=376"},"modified":"2021-11-02T11:59:48","modified_gmt":"2021-11-02T11:59:48","slug":"a_propos","status":"publish","type":"page","link":"http:\/\/www.jcsound.fr\/wordpress\/a_propos\/","title":{"rendered":"A PROPOS"},"content":{"rendered":"<p>[vc_row full_width=\u00a0\u00bbstretch_row\u00a0\u00bb full_height=\u00a0\u00bbyes\u00a0\u00bb css=\u00a0\u00bb.vc_custom_1635615798291{margin-top: 0px !important;margin-bottom: 0px !important;}\u00a0\u00bb][vc_column][vc_row_inner][vc_column_inner css=\u00a0\u00bb.vc_custom_1485100064228{padding-top: 15% !important;padding-right: 15% !important;padding-bottom: 15% !important;padding-left: 15% !important;background-color: #ffffff !important;}\u00a0\u00bb]<h3 class=\"ozy-divider-cap-left wpb_content_element \"  style=\"color:#c09e6f\" >Bienvenue sur le site de JCSound<\/h3><div class=\"ozy-content-divider \" style=\"border-top-style:solid;border-top-width:2px;border-top-color:#c09e6f!important;width:40px;max-width:40px;left:0;\"><\/div>[vc_custom_heading text=\u00a0\u00bbJCSound, DJ, Discomobile en Mayenne (53)\u00a0\u00bb font_container=\u00a0\u00bbtag:h5|text_align:left|color:%23000000&Prime; use_theme_fonts=\u00a0\u00bbyes\u00a0\u00bb css=\u00a0\u00bb.vc_custom_1635599403423{margin-top: 30px !important;}\u00a0\u00bb][\/vc_column_inner][\/vc_row_inner][\/vc_column][\/vc_row][vc_row css=\u00a0\u00bb.vc_custom_1485809257405{padding-right: 20% !important;padding-bottom: 100px !important;padding-left: 20% !important;}\u00a0\u00bb][vc_column][vc_text_separator title=\u00a0\u00bbQui suis je?\u00a0\u00bb color=\u00a0\u00bbcustom\u00a0\u00bb accent_color=\u00a0\u00bb#c09e6f\u00a0\u00bb][vc_row_inner][vc_column_inner width=\u00a0\u00bb1\/2&Prime;][vc_column_text]JCSound &#8211; DJ en Mayenne (53),professionnel depuis 1996, j\u2019anime toutes vos soir\u00e9es dansantes, mariage, anniversaire, s\u00e9minaire, convention, soir\u00e9e comit\u00e9 d\u2019entreprise, soir\u00e9e CE, soir\u00e9e de gala.<\/p>\n<p>Je vous propose \u00e9galement la sonorisation de vin d\u2019honneur, c\u00e9r\u00e9monie la\u00efque, et cocktail en ext\u00e9rieur gr\u00e2ce \u00e0 un syst\u00e8me son compact et facile d&rsquo;utilisation.<\/p>\n<div id=\"sconnect-is-installed\" style=\"display: none;\">2.11.0.0<\/div>\n<p>[\/vc_column_text][\/vc_column_inner][vc_column_inner width=\u00a0\u00bb1\/2&Prime;][vc_column_text]La d\u00e9coration lumineuse de votre salle et de votre lieux de r\u00e9ception \u00e0 l&rsquo;aide de projecteur \u00e0 LED \u00e0 batterie pour n&rsquo;avoir aucun cable le long des murs.<\/p>\n<p>Mon mat\u00e9riel est professionnel et r\u00e9guli\u00e8rement renouvel\u00e9 et entretenu.<\/p>\n<p>La programmation musicale est d\u00e9finie \u00e0 l\u2019avance avec vous et l\u2019animation micro peut \u00eatre sobre ou festive selon votre choix.<\/p>\n<p>Pas de playlist et un seul interlocuteur.[\/vc_column_text][\/vc_column_inner][\/vc_row_inner][vc_separator color=\u00a0\u00bbcustom\u00a0\u00bb accent_color=\u00a0\u00bb#c09e6f\u00a0\u00bb][\/vc_column][\/vc_row][vc_row css=\u00a0\u00bb.vc_custom_1485103070646{margin-top: 0px !important;margin-bottom: 0px !important;padding-top: 100px !important;padding-bottom: 100px !important;}\u00a0\u00bb][vc_column width=\u00a0\u00bb1\/3&Prime;][vc_single_image image=\u00a0\u00bb4130&Prime; img_size=\u00a0\u00bbfull\u00a0\u00bb alignment=\u00a0\u00bbcenter\u00a0\u00bb][\/vc_column][vc_column width=\u00a0\u00bb1\/3&Prime;][vc_single_image image=\u00a0\u00bb4135&Prime; img_size=\u00a0\u00bbfull\u00a0\u00bb][\/vc_column][vc_column width=\u00a0\u00bb1\/3&Prime;][vc_single_image image=\u00a0\u00bb4131&Prime; img_size=\u00a0\u00bbfull\u00a0\u00bb][\/vc_column][\/vc_row][vc_row][vc_column][vc_column_text]<\/p>\n<div id=\"sconnect-is-installed\" style=\"display: none;\">2.11.0.0<\/div>\n<p>[\/vc_column_text][\/vc_column][\/vc_row]<\/p>\n","protected":false},"excerpt":{"rendered":"<p>[vc_row full_width=\u00a0\u00bbstretch_row\u00a0\u00bb full_height=\u00a0\u00bbyes\u00a0\u00bb css=\u00a0\u00bb.vc_custom_1635615798291{margin-top: 0px !important;margin-bottom: 0px !important;}\u00a0\u00bb][vc_column][vc_row_inner][vc_column_inner css=\u00a0\u00bb.vc_custom_1485100064228{padding-top: 15% !important;padding-right: 15% !important;padding-bottom: 15% !important;padding-left: 15% !important;background-color: #ffffff !important;}\u00a0\u00bb][vc_custom_heading text=\u00a0\u00bbJCSound, DJ, Discomobile en Mayenne (53)\u00a0\u00bb font_container=\u00a0\u00bbtag:h5|text_align:left|color:%23000000&Prime; use_theme_fonts=\u00a0\u00bbyes\u00a0\u00bb css=\u00a0\u00bb.vc_custom_1635599403423{margin-top: 30px !important;}\u00a0\u00bb][\/vc_column_inner][\/vc_row_inner][\/vc_column][\/vc_row][vc_row [&hellip;]<\/p>\n","protected":false},"author":1,"featured_media":0,"parent":0,"menu_order":0,"comment_status":"closed","ping_status":"closed","template":"page-full.php","meta":[],"_links":{"self":[{"href":"http:\/\/www.jcsound.fr\/wordpress\/wp-json\/wp\/v2\/pages\/4682"}],"collection":[{"href":"http:\/\/www.jcsound.fr\/wordpress\/wp-json\/wp\/v2\/pages"}],"about":[{"href":"http:\/\/www.jcsound.fr\/wordpress\/wp-json\/wp\/v2\/types\/page"}],"author":[{"embeddable":true,"href":"http:\/\/www.jcsound.fr\/wordpress\/wp-json\/wp\/v2\/users\/1"}],"replies":[{"embeddable":true,"href":"http:\/\/www.jcsound.fr\/wordpress\/wp-json\/wp\/v2\/comments?post=4682"}],"version-history":[{"count":13,"href":"http:\/\/www.jcsound.fr\/wordpress\/wp-json\/wp\/v2\/pages\/4682\/revisions"}],"predecessor-version":[{"id":5210,"href":"http:\/\/www.jcsound.fr\/wordpress\/wp-json\/wp\/v2\/pages\/4682\/revisions\/5210"}],"wp:attachment":[{"href":"http:\/\/www.jcsound.fr\/wordpress\/wp-json\/wp\/v2\/media?parent=4682"}],"curies":[{"name":"wp","href":"https:\/\/api.w.org\/{rel}","templated":true}]}}