{"id":1150,"date":"2017-01-31T19:12:44","date_gmt":"2017-01-31T19:12:44","guid":{"rendered":"http:\/\/wedding-planner.freevision.me\/?page_id=1150"},"modified":"2025-06-30T18:24:15","modified_gmt":"2025-06-30T18:24:15","slug":"packages","status":"publish","type":"page","link":"http:\/\/www.jcsound.fr\/wordpress\/packages\/","title":{"rendered":"Tarifs"},"content":{"rendered":"<p>[vc_row full_width=\u00a0\u00bbstretch_row\u00a0\u00bb content_placement=\u00a0\u00bbmiddle\u00a0\u00bb parallax=\u00a0\u00bbcontent-moving\u00a0\u00bb parallax_image=\u00a0\u00bb133&Prime; bg_slider=\u00a0\u00bbhearts\u00a0\u00bb css=\u00a0\u00bb.vc_custom_1657273341991{margin-top: 0px !important;margin-bottom: 0px !important;padding-top: 200px !important;padding-bottom: 200px !important;background-image: url(http:\/\/www.jcsound.fr\/wordpress\/wp-content\/uploads\/Tarif-2-scaled.jpg?id=5648) !important;background-position: center;background-repeat: no-repeat !important;background-size: contain !important;}\u00a0\u00bb][vc_column][vc_custom_heading text=\u00a0\u00bb\u00a0\u00bb font_container=\u00a0\u00bbtag:h1|font_size:80|text_align:center|color:%23dd3333|line_height:86px\u00a0\u00bb use_theme_fonts=\u00a0\u00bbyes\u00a0\u00bb][\/vc_column][\/vc_row][vc_row full_width=\u00a0\u00bbstretch_row_content\u00a0\u00bb css=\u00a0\u00bb.vc_custom_1635605239579{padding-right: 5% !important;padding-left: 5% !important;}\u00a0\u00bb][vc_column width=\u00a0\u00bb1\/3&Prime;]<div id=\"tile-with-icon_icon2641\" class=\"title-with-icon-wrapper clear xlarge \" data-color=\"\">\r\n\t\t\t<div class=\"wpb_content_element title-with-icon clearfix top-style\"><span  style=\"color:#000000 !important;background-color: !important;\" class=\"oic-simple-line-icons-47 clear xlarge \" ><\/span><h6 class=\"content-color\" style=\"\"><\/h6>\r\n\t\t\t<\/div><\/div><div class=\"ozy-counter \" style=\"color:#c09e6f\"><div class=\"timer\" data-sign=\"\" data-signpos=\"right\" data-from=\"0\" data-to=\"570\">0<\/div><div class=\"hr\" style=\"background-color:#c09e6f\"><\/div><span>Soir\u00e9es r\u00e9alis\u00e9s<\/span><\/div>[\/vc_column][vc_column width=\u00a0\u00bb1\/3&Prime;]<div id=\"tile-with-icon_icon4177\" class=\"title-with-icon-wrapper clear xlarge \" data-color=\"\">\r\n\t\t\t<div class=\"wpb_content_element title-with-icon clearfix top-style\"><span  style=\"color:#000000 !important;background-color: !important;\" class=\"oic-fi2-newlyweds clear xlarge \" ><\/span><h6 class=\"content-color\" style=\"\"><\/h6>\r\n\t\t\t<\/div><\/div><div class=\"ozy-counter \" style=\"color:#c09e6f\"><div class=\"timer\" data-sign=\"\" data-signpos=\"right\" data-from=\"0\" data-to=\"300\">0<\/div><div class=\"hr\" style=\"background-color:#c09e6f\"><\/div><span>Mariages r\u00e9alis\u00e9s<\/span><\/div>[\/vc_column][vc_column width=\u00a0\u00bb1\/3&Prime;]<div id=\"tile-with-icon_icon5683\" class=\"title-with-icon-wrapper clear xlarge \" data-color=\"\">\r\n\t\t\t<div class=\"wpb_content_element title-with-icon clearfix top-style\"><span  style=\"color:#000000 !important;background-color: !important;\" class=\"oic-fi4-diamond clear xlarge \" ><\/span><h6 class=\"content-color\" style=\"\"><\/h6>\r\n\t\t\t<\/div><\/div><div class=\"ozy-counter \" style=\"color:#c09e6f\"><div class=\"timer\" data-sign=\"\" data-signpos=\"right\" data-from=\"0\" data-to=\"30\">0<\/div><div class=\"hr\" style=\"background-color:#c09e6f\"><\/div><span>Ann\u00e9es d&#039;exp\u00e9rience<\/span><\/div>[\/vc_column][\/vc_row][vc_row css=\u00a0\u00bb.vc_custom_1485892471227{margin-top: 30px !important;}\u00a0\u00bb][vc_column]\n<div id=\"ofd-65668\" class=\"ozy-floral-divider ornament_4 align-center \">\n<svg viewBox=\"0 0 113.39 12.37\"><use xlink:href=\"http:\/\/www.jcsound.fr\/wordpress\/wp-content\/plugins\/ozy-wedding-planner-essentials\/images\/ornament_divider4.svg#ornament_divider4\"><\/use><\/svg><\/div>[\/vc_column][\/vc_row][vc_row full_width=\u00a0\u00bbstretch_row_content\u00a0\u00bb css=\u00a0\u00bb.vc_custom_1485891394841{margin-top: 30px !important;margin-bottom: 0px !important;padding-right: 5% !important;padding-bottom: 60px !important;padding-left: 5% !important;}\u00a0\u00bb][vc_column width=\u00a0\u00bb1\/3&Prime;]<div class=\"ozy-price-table ozy-border-color \"><h3 class=\"ozy-border-color\">Forfait Mariage<\/h3><div >\u2022 \u00a0Rendez-vous avant le mariage pour fixer les diff\u00e9rentes musiques et couleurs<br \/>\n\u2022 \u00a0Mise \u00e0 disposition d&rsquo;un vid\u00e9o projecteur avec \u00e9cran<br \/>\n\u2022 \u00a0Sonorisation de la piste de danse<br \/>\n\u2022 \u00a0\u00c9clairage de la piste de danse<br \/>\n\u2022 \u00a0Horaire de fin compris entre 3h30 et 4h selon l&rsquo;ambiance<br \/>\n\u2022 \u00a0Montage invisible pour vos invit\u00e9s<br \/>\n\u2022 \u00a0Pas de frais kilom\u00e9trique<br \/>\n\u2022 \u00a0Un seul interlocuteur du d\u00e9but \u00e0 la fin<br \/>\n\u2022 \u00a0Respect du choix de vos musiques<\/div><span class=\"ozy-border-color heading-font\" >\u20ac1100<\/span><\/div>[\/vc_column][vc_column width=\u00a0\u00bb1\/3&Prime;]<div class=\"ozy-price-table ozy-border-color \"><h3 class=\"ozy-border-color\">Options : \u00c9clairage d\u00e9coratif \u00e0 Led<\/h3><div >\u2022 \u00a0Sublimez votre lieu de r\u00e9ception avec la couleur d\u00e9sir\u00e9e<br \/>\n\u2022 \u00a018 Par \u00e0 led sur batteries avec un choix infini de couleur<br \/>\n\u2022 \u00a0Aucun c\u00e2bles dans la salle et le long des murs<br \/>\n\u2022 \u00a0Batterie avec une autonomie maximum de 20h selon les couleurs<\/div><span class=\"ozy-border-color heading-font\" >\u20ac200<\/span><\/div>[\/vc_column][vc_column width=\u00a0\u00bb1\/3&Prime;]<div class=\"ozy-price-table ozy-border-color \"><h3 class=\"ozy-border-color\">Options : Sonorisation suppl\u00e9mentaire<\/h3><div >\u2022 \u00a0Id\u00e9al pour sonoriser votre c\u00e9r\u00e9monie la\u00efque<br \/>\n\u2022 \u00a0Id\u00e9al pour sonoriser votre vin d&rsquo;honneur<br \/>\n\u2022\u00a0 Connexion Bluetooth<br \/>\n\u2022\u00a0 Un ou deux micros sans fil inclus<br \/>\n\u2022 \u00a0Enceinte sur batterie (max 6h)<br \/>\n\u2022. Facile d&rsquo;utilisation et simple \u00e0 transporter<\/div><span class=\"ozy-border-color heading-font\" >\u20ac100<\/span><\/div><div class=\"ozy-price-table ozy-border-color \"><h3 class=\"ozy-border-color\">Options : Sonorisation repas<\/h3><div >\u2022\u00a0 Id\u00e9al pour sonoriser votre repas si la salle est s\u00e9par\u00e9 da la piste de danse<br \/>\n\u2022\u00a0 Puissance de 1000W<br \/>\n\u2022\u00a0 Deux micros sans fil inclus<\/div><span class=\"ozy-border-color heading-font\" >\u20ac150<\/span><\/div>[\/vc_column][\/vc_row][vc_row][vc_column][vc_column_text]<\/p>\n<div id=\"sconnect-is-installed\" style=\"display: none;\">2.11.0.0<\/div>\n<div id=\"sconnect-is-installed\" style=\"display: none;\">2.11.0.0<\/div>\n<p>[\/vc_column_text][\/vc_column][\/vc_row][vc_row][vc_column][vc_column_text]<\/p>\n<div id=\"sconnect-is-installed\" style=\"display: none;\">2.11.0.0<\/div>\n<p>[\/vc_column_text][\/vc_column][\/vc_row]<\/p>\n","protected":false},"excerpt":{"rendered":"<p>[vc_row full_width=\u00a0\u00bbstretch_row\u00a0\u00bb content_placement=\u00a0\u00bbmiddle\u00a0\u00bb parallax=\u00a0\u00bbcontent-moving\u00a0\u00bb parallax_image=\u00a0\u00bb133&Prime; bg_slider=\u00a0\u00bbhearts\u00a0\u00bb css=\u00a0\u00bb.vc_custom_1657273341991{margin-top: 0px !important;margin-bottom: 0px !important;padding-top: 200px !important;padding-bottom: 200px !important;background-image: url(http:\/\/www.jcsound.fr\/wordpress\/wp-content\/uploads\/Tarif-2-scaled.jpg?id=5648) !important;background-position: center;background-repeat: no-repeat !important;background-size: contain !important;}\u00a0\u00bb][vc_column][vc_custom_heading text=\u00a0\u00bb\u00a0\u00bb font_container=\u00a0\u00bbtag:h1|font_size:80|text_align:center|color:%23dd3333|line_height:86px\u00a0\u00bb use_theme_fonts=\u00a0\u00bbyes\u00a0\u00bb][\/vc_column][\/vc_row][vc_row full_width=\u00a0\u00bbstretch_row_content\u00a0\u00bb css=\u00a0\u00bb.vc_custom_1635605239579{padding-right: 5% !important;padding-left: 5% [&hellip;]<\/p>\n","protected":false},"author":1,"featured_media":0,"parent":0,"menu_order":0,"comment_status":"closed","ping_status":"closed","template":"","meta":[],"_links":{"self":[{"href":"http:\/\/www.jcsound.fr\/wordpress\/wp-json\/wp\/v2\/pages\/1150"}],"collection":[{"href":"http:\/\/www.jcsound.fr\/wordpress\/wp-json\/wp\/v2\/pages"}],"about":[{"href":"http:\/\/www.jcsound.fr\/wordpress\/wp-json\/wp\/v2\/types\/page"}],"author":[{"embeddable":true,"href":"http:\/\/www.jcsound.fr\/wordpress\/wp-json\/wp\/v2\/users\/1"}],"replies":[{"embeddable":true,"href":"http:\/\/www.jcsound.fr\/wordpress\/wp-json\/wp\/v2\/comments?post=1150"}],"version-history":[{"count":13,"href":"http:\/\/www.jcsound.fr\/wordpress\/wp-json\/wp\/v2\/pages\/1150\/revisions"}],"predecessor-version":[{"id":6457,"href":"http:\/\/www.jcsound.fr\/wordpress\/wp-json\/wp\/v2\/pages\/1150\/revisions\/6457"}],"wp:attachment":[{"href":"http:\/\/www.jcsound.fr\/wordpress\/wp-json\/wp\/v2\/media?parent=1150"}],"curies":[{"name":"wp","href":"https:\/\/api.w.org\/{rel}","templated":true}]}}